 (base 5) to base 3.
-2101002
Convert -134043 (base 6) to base 15.
-3ac0
-332134 (base 6) to base 13
-c7c3
Convert 167174 (base 8) to base 13.
21a34
What is -10112202 (base 3) in base 8?
-5031
What is 181 (base 13) in base 10?
274
Convert 1371 (base 12) to base 15.
9ea
Convert -2bcc (base 13) to base 12.
-3871
What is 1110001020 (base 3) in base 2?
110111100110000
Convert 10211 (base 3) to base 14.
75
What is 1000001011 (base 2) in base 6?
2231
What is 304 (base 7) in base 5?
1101
What is -204b3 (base 13) in base 15?
-1227e
3525 (base 7) to base 5
20133
Convert 387 (base 12) to base 13.
322
Convert -14103 (base 5) to base 12.
-801
11132101 (base 4) to base 16
5791
Convert 2343 (base 10) to base 16.
927
What is 10021000 (base 3) in base 14?
c1a
-10100010 (base 2) to base 6
-430
What is -ca72 (base 14) in base 8?
-104254
What is -20002011 (base 3) in base 2?
-1000101010000
Convert -34a (base 12) to base 3.
-200011
Convert 81838 (base 9) to base 2.
1101001010001100
112 (base 5) to base 13
26
3c2 (base 14) to base 16
2f6
Convert -78211 (base 10) to base 14.
-20707
Convert -115215 (base 7) to base 3.
-1001212000
Convert 31102113 (base 4) to base 11.
37986
-1107 (base 14) to base 5
-43242
What is -626 (base 7) in base 15?
-15e
Convert 61175 (base 8) to base 16.
627d
-1d (base 16) to base 12
-25
What is -100244 (base 5) in base 15?
-e34
Convert 808 (base 12) to base 11.
965
What is -17b4 (base 16) in base 6?
-44032
Convert 101001011 (base 2) to base 7.
652
Convert 6959 (base 11) to base 7.
35434
-304d (base 14) to base 11
-6267
-519 (base 15) to base 16
-47d
Convert -40004 (base 5) to base 7.
-10205
What is -c1 (base 15) in base 13?
-10c
1a311 (base 11) to base 10
28326
Convert 354 (base 10) to base 6.
1350
5867 (base 9) to base 13
1c9c
What is 2220120 (base 4) in base 8?
25030
Convert -687 (base 10) to base 9.
-843
2525 (base 6) to base 11
522
What is 441 (base 9) in base 8?
551
93c (base 14) to base 9
2440
What is 2301 (base 5) in base 3?
110002
-196 (base 10) to base 11
-169
-4033 (base 5) to base 13
-30b
What is -2815 (base 10) in base 8?
-5377
-10b9b (base 15) to base 5
-3200441
-101100100101011 (base 2) to base 9
-34273
What is 14c11 (base 13) in base 5?
2230031
What is 4387 (base 9) in base 16?
ca6
What is 10110032 (base 4) in base 10?
17678
-150540 (base 6) to base 13
-6774
Convert 11335 (base 7) to base 13.
1435
Convert -343 (base 10) to base 11.
-292
-121121 (base 3) to base 16
-1c0
-4475 (base 8) to base 16
-93d
-33b (base 15) to base 8
-1333
Convert 1b9 (base 16) to base 4.
12321
What is -38668 (base 9) in base 8?
-62717
Convert -1ee0 (base 15) to base 2.
-1101001001111
Convert -daa (base 14) to base 11.
-2033
7e73 (base 16) to base 7
163243
Convert 10112202120 (base 3) to base 6.
1255110
-64a (base 11) to base 13
-480
What is 10021 (base 4) in base 12?
1a1
What is 458 (base 14) in base 8?
1536
Convert -10002 (base 7) to base 3.
-10022000
Convert -11aa1 (base 13) to base 15.
-99be
-596 (base 15) to base 7
-3456
What is -9631 (base 12) in base 10?
-16453
-735 (base 8) to base 2
-111011101
What is -223 (base 14) in base 13?
-267
What is 33002 (base 5) in base 15?
a02
-2330233 (base 4) to base 8
-27457
Convert -20221 (base 7) to base 3.
-20202001
What is -21341 (base 7) in base 9?
-7262
-3075 (base 8) to base 15
-717
11010011 (base 2) to base 9
254
Convert -11283 (base 9) to base 2.
-1110101100111
2200000101 (base 3) to base 12
2646a
562 (base 11) to base 6
3041
37117 (base 9) to base 6
311111
224413 (base 5) to base 16
1fac
Convert 2133 (base 7) to base 4.
23313
What is -4571 (base 10) in base 4?
-1013123
12500 (base 6) to base 15
873
-11100102 (base 3) to base 8
-6142
-f67 (base 16) to base 9
-5361
What is 18c2 (base 14) in base 8?
10602
Convert 3c5 (base 14) to base 12.
535
What is 66ad (base 16) in base 6?
321405
Convert 400 (base 15) to base 4.
32010
Convert 11040 (base 7) to base 6.
20500
-3403 (base 9) to base 12
-1556
-3d4a (base 14) to base 15
-3331
-8b (base 14) to base 11
-102
-51b (base 16) to base 6
-10015
Convert 2551 (base 6) to base 2.
1010000011
What is bb08 (base 13) in base 3?
1022201020
305054 (base 6) to base 9
36467
-10101100 (base 3) to base 9
-3340
Convert 933 (base 15) to base 2.
100000011001
-111221012 (base 3) to base 9
-14835
Convert -10477 (base 8) to base 10.
-4415
530 (base 10) to base 6
2242
Convert 12201221 (base 3) to base 6.
31211
What is -121332 (base 4) in base 5?
-23122
-113 (base 8) to base 7
-135
Convert -23205 (base 6) to base 7.
-12446
-11f5 (base 16) to base 15
-1567
What is 141441 (base 6) in base 7?
53623
What is 6f00 (base 16) in base 6?
335320
Convert -3c (base 15) to base 16.
-39
21345 (base 11) to base 15
92d5
Convert -2122 (base 5) to base 15.
-142
What is 12200200 (base 3) in base 12?
2499
50a (base 13) to base 4
31113
Convert 7bc4 (base 15) to base 2.
110011010101100
What is 100102 (base 3) in base 15?
11e
What is 60053 (base 8) in base 15?
7464
What is 14014 (base 7) in base 5?
110114
Convert -10011110011101001 (base 2) to base 8.
-236351
What is -37a1 (base 13) in base 2?
-1111011100001
120000201 (base 3) to base 12
640a
What is 10102 (base 5) in base 8?
1214
Convert 12231212 (base 4) to base 16.
6b66
Convert 2471 (base 8) to base 11.
1006
What is -132 (base 9) in base 7?
-215
What is 3187 (base 9) in base 3?
10012221
233644 (base 7) to base 3
2010211221
Convert -676 (base 13) to base 14.
-595
-41176 (base 9) to base 6
-325323
Convert -23400 (base 8) to base 15.
-2e59
Convert 4103 (base 6) to base 10.
903
Convert 1246 (base 9) to base 16.
3a5
What is -334 (base 14) in base 12?
-44a
Convert d57 (base 14) to base 4.
221001
What is -33023 (base 4) in base 9?
-1288
Convert 10222010 (base 3) to base 7.
11301
What is -1b0 (base 15) in base 13?
-240
What is -22022 (base 4) in base 6?
-3002
Convert 312253 (base 6) to base 14.
9253
What is -1323 (base 4) in base 3?
-11120
Convert 340 (base 5) to base 8.
137
-23d (base 14) to base 5
-3242
-d717 (base 16) to base 13
-1c0a8
67 (base 9) to base 11
56
-1132033 (base 4) to base 9
-8241
-1011031 (base 4) to base 16
-114d
Convert 101101 (base 3) to base 2.
100011000
What is -1160 (base 7) in base 13?
-275
What is -1561 (base 11) in base 13?
-bb1
Convert -13132 (base 5) to base 14.
-546
What is 111210 (base 3) in base 9?
453
What is 3214 (base 5) in base 4?
12302
a7 (base 12) to base 5
1002
What is -1302 (base 5) in base 15?
-d7
Convert -485a (base 14) to base 5.
-400444
Convert 1364 (base 16) to base 8.
11544
Convert -9689 (base 14) to base 4.
-12112021
Convert -11110 (base 2) to base 14.
-22
-78a3 (base 11) to base 6
-120050
What is 188b9 (base 14) in base 6?
1155255
Convert -1241 (base 8) to base 3.
-220221
-771 (base 13) to base 6
-5523
What is -183 (base 11) in base 6?
-552
What is 22200202 (base 3) in base 4?
1203002
What is -182 (base 11) in base 12?
-157
Convert -287 (base 14) to base 12.
-367
3297 (base 11) to base 3
12221210
Convert 750 (base 14) to base 4.
112202
Convert -2331 (base 16) to base 6.
-105413
-10220201 (base 3) to base 4
-230212
What is -201200 (base 6) in base 10?
-15840
-100304 (base 6) to base 7
-31666
-1121202 (base 4) to base 15
-1a70
What is -20102100 (base 3) in base 4?
-1021020
-43064 (base 8) to base 14
-679a
11400 (base 5) to base 7
2323
7ae (base 15) to base 3
2101102
Convert -197 (base 13) to base 7.
-566
Convert -144 (base 6) to base 3.
-2101
What is 2050 (base 7) in base 3?
222201
Convert 41273 (base 8) to base 2.
100001010111011
202202 (base 4) to base 12
1342
What is -14987 (base 10) in base 15?
-4692
-7336 (base 11) to base 10
-9719
What is 5866 (base 11) in base 3?
101120000
-1221001 (base 5) to base 11
-16518
What is -4 (base 15) in base 14?
-4
Convert 11717 (base 8) to base 4.
1033033
Convert -1540 (base 6) to base 5.
-3140
Convert 22dd (base 14) to base 11.
4623
562 (base 11) to base 8
1241
Convert 2154 (base 8) to base 9.
1487
What is 35062 (base 7) in base 15?
29c7
What is 1858b (base 12) in base 7?
205112
154d (base 14) to base 7
14026
What is 2255 (base 7) in base 6?
3452
What is 479 (base 12) in base 9?
823
1010100110 (base 3) to base 12
10979
Convert -2ab (base 15) to base 5.
-4421
10101010101 (base 2) to base 14
6d7
1110011111 (base 2) to base 12
653
What is 133347 (base 8) in base 2?
101101101110011